{"id":2,"date":"2024-07-07T14:29:23","date_gmt":"2024-07-07T12:29:23","guid":{"rendered":"http:\/\/maeva-vergnieres.com\/?page_id=2"},"modified":"2024-07-07T16:52:25","modified_gmt":"2024-07-07T14:52:25","slug":"page-d-exemple","status":"publish","type":"page","link":"https:\/\/maeva-vergnieres.com\/","title":{"rendered":"Page d\u2019exemple"},"content":{"rendered":"\t\t<div data-elementor-type=\"wp-page\" data-elementor-id=\"2\" class=\"elementor elementor-2\">\n\t\t\t\t<div class=\"elementor-element elementor-element-6702e2b e-flex e-con-boxed e-con e-parent\" data-id=\"6702e2b\" data-element_type=\"container\">\n\t\t\t\t\t<div class=\"e-con-inner\">\n\t\t\t\t<div class=\"elementor-element elementor-element-ad071f5 elementor-widget elementor-widget-heading\" data-id=\"ad071f5\" data-element_type=\"widget\" data-widget_type=\"heading.default\">\n\t\t\t\t<div class=\"elementor-widget-container\">\n\t\t\t<style>\/*! elementor - v3.22.0 - 26-06-2024 *\/\n.elementor-heading-title{padding:0;margin:0;line-height:1}.elementor-widget-heading .elementor-heading-title[class*=elementor-size-]>a{color:inherit;font-size:inherit;line-height:inherit}.elementor-widget-heading .elementor-heading-title.elementor-size-small{font-size:15px}.elementor-widget-heading .elementor-heading-title.elementor-size-medium{font-size:19px}.elementor-widget-heading .elementor-heading-title.elementor-size-large{font-size:29px}.elementor-widget-heading .elementor-heading-title.elementor-size-xl{font-size:39px}.elementor-widget-heading .elementor-heading-title.elementor-size-xxl{font-size:59px}<\/style><h2 class=\"elementor-heading-title elementor-size-default\">BONJOUR <\/h2>\t\t<\/div>\n\t\t\t\t<\/div>\n\t\t\t\t\t<\/div>\n\t\t\t\t<\/div>\n\t\t<div class=\"elementor-element elementor-element-2cb6702 e-flex e-con-boxed e-con e-parent\" data-id=\"2cb6702\" data-element_type=\"container\">\n\t\t\t\t\t<div class=\"e-con-inner\">\n\t\t<div class=\"elementor-element elementor-element-33bd145 e-con-full e-flex e-con e-child\" data-id=\"33bd145\" data-element_type=\"container\" data-settings=\"{&quot;background_background&quot;:&quot;classic&quot;}\">\n\t\t\t\t<div class=\"elementor-element elementor-element-438c6f1 elementor-widget elementor-widget-heading\" data-id=\"438c6f1\" data-element_type=\"widget\" data-widget_type=\"heading.default\">\n\t\t\t\t<div class=\"elementor-widget-container\">\n\t\t\t<h2 class=\"elementor-heading-title elementor-size-default\">Je m'appelle Ma\u00ebva Vergnieres<\/h2>\t\t<\/div>\n\t\t\t\t<\/div>\n\t\t\t\t<\/div>\n\t\t\t\t<div class=\"elementor-element elementor-element-ee55954 elementor-widget elementor-widget-spacer\" data-id=\"ee55954\" data-element_type=\"widget\" data-widget_type=\"spacer.default\">\n\t\t\t\t<div class=\"elementor-widget-container\">\n\t\t\t<style>\/*! elementor - v3.22.0 - 26-06-2024 *\/\n.elementor-column .elementor-spacer-inner{height:var(--spacer-size)}.e-con{--container-widget-width:100%}.e-con-inner>.elementor-widget-spacer,.e-con>.elementor-widget-spacer{width:var(--container-widget-width,var(--spacer-size));--align-self:var(--container-widget-align-self,initial);--flex-shrink:0}.e-con-inner>.elementor-widget-spacer>.elementor-widget-container,.e-con>.elementor-widget-spacer>.elementor-widget-container{height:100%;width:100%}.e-con-inner>.elementor-widget-spacer>.elementor-widget-container>.elementor-spacer,.e-con>.elementor-widget-spacer>.elementor-widget-container>.elementor-spacer{height:100%}.e-con-inner>.elementor-widget-spacer>.elementor-widget-container>.elementor-spacer>.elementor-spacer-inner,.e-con>.elementor-widget-spacer>.elementor-widget-container>.elementor-spacer>.elementor-spacer-inner{height:var(--container-widget-height,var(--spacer-size))}.e-con-inner>.elementor-widget-spacer.elementor-widget-empty,.e-con>.elementor-widget-spacer.elementor-widget-empty{position:relative;min-height:22px;min-width:22px}.e-con-inner>.elementor-widget-spacer.elementor-widget-empty .elementor-widget-empty-icon,.e-con>.elementor-widget-spacer.elementor-widget-empty .elementor-widget-empty-icon{position:absolute;top:0;bottom:0;left:0;right:0;margin:auto;padding:0;width:22px;height:22px}<\/style>\t\t<div class=\"elementor-spacer\">\n\t\t\t<div class=\"elementor-spacer-inner\"><\/div>\n\t\t<\/div>\n\t\t\t\t<\/div>\n\t\t\t\t<\/div>\n\t\t\t\t\t<\/div>\n\t\t\t\t<\/div>\n\t\t<div class=\"elementor-element elementor-element-71312c7 e-flex e-con-boxed e-con e-parent\" data-id=\"71312c7\" data-element_type=\"container\">\n\t\t\t\t\t<div class=\"e-con-inner\">\n\t\t<div class=\"elementor-element elementor-element-e20059c e-con-full e-flex e-con e-child\" data-id=\"e20059c\" data-element_type=\"container\">\n\t\t\t\t<div class=\"elementor-element elementor-element-ee3d55a elementor-widget elementor-widget-heading\" data-id=\"ee3d55a\" data-element_type=\"widget\" data-widget_type=\"heading.default\">\n\t\t\t\t<div class=\"elementor-widget-container\">\n\t\t\t<h2 class=\"elementor-heading-title elementor-size-default\">o\u00f9 vous vous trouvez ?<\/h2>\t\t<\/div>\n\t\t\t\t<\/div>\n\t\t\t\t<\/div>\n\t\t\t\t<div class=\"elementor-element elementor-element-49bd1a9 elementor-widget elementor-widget-spacer\" data-id=\"49bd1a9\" data-element_type=\"widget\" data-widget_type=\"spacer.default\">\n\t\t\t\t<div class=\"elementor-widget-container\">\n\t\t\t\t\t<div class=\"elementor-spacer\">\n\t\t\t<div class=\"elementor-spacer-inner\"><\/div>\n\t\t<\/div>\n\t\t\t\t<\/div>\n\t\t\t\t<\/div>\n\t\t<div class=\"elementor-element elementor-element-fedad8d e-con-full e-flex e-con e-child\" data-id=\"fedad8d\" data-element_type=\"container\">\n\t\t\t\t<div class=\"elementor-element elementor-element-b337dec elementor-widget elementor-widget-text-editor\" data-id=\"b337dec\" data-element_type=\"widget\" data-widget_type=\"text-editor.default\">\n\t\t\t\t<div class=\"elementor-widget-container\">\n\t\t\t<style>\/*! elementor - v3.22.0 - 26-06-2024 *\/\n.elementor-widget-text-editor.elementor-drop-cap-view-stacked .elementor-drop-cap{background-color:#69727d;color:#fff}.elementor-widget-text-editor.elementor-drop-cap-view-framed .elementor-drop-cap{color:#69727d;border:3px solid;background-color:transparent}.elementor-widget-text-editor:not(.elementor-drop-cap-view-default) .elementor-drop-cap{margin-top:8px}.elementor-widget-text-editor:not(.elementor-drop-cap-view-default) .elementor-drop-cap-letter{width:1em;height:1em}.elementor-widget-text-editor .elementor-drop-cap{float:left;text-align:center;line-height:1;font-size:50px}.elementor-widget-text-editor .elementor-drop-cap-letter{display:inline-block}<\/style>\t\t\t\t<p>Ce site internet est un portfolio de d\u00e9veloppement professionnel. Il a pour but de pr\u00e9senter mon \u00e9volution \u00e0 travers des travaux fait durant mes formations mais \u00e9galement durant mes ann\u00e9es pr\u00e9c\u00e9dentes. J&#8217;y figure \u00e9galement les comp\u00e9tences acquises durant ces p\u00e9riodes.<\/p>\t\t\t\t\t\t<\/div>\n\t\t\t\t<\/div>\n\t\t\t\t<\/div>\n\t\t\t\t\t<\/div>\n\t\t\t\t<\/div>\n\t\t<div class=\"elementor-element elementor-element-79b3e77 e-flex e-con-boxed e-con e-parent\" data-id=\"79b3e77\" data-element_type=\"container\">\n\t\t\t\t\t<div class=\"e-con-inner\">\n\t\t\t\t<div class=\"elementor-element elementor-element-55c7378 elementor-widget elementor-widget-spacer\" data-id=\"55c7378\" data-element_type=\"widget\" data-widget_type=\"spacer.default\">\n\t\t\t\t<div class=\"elementor-widget-container\">\n\t\t\t\t\t<div class=\"elementor-spacer\">\n\t\t\t<div class=\"elementor-spacer-inner\"><\/div>\n\t\t<\/div>\n\t\t\t\t<\/div>\n\t\t\t\t<\/div>\n\t\t\t\t\t<\/div>\n\t\t\t\t<\/div>\n\t\t<div class=\"elementor-element elementor-element-7c7f163 e-flex e-con-boxed e-con e-parent\" data-id=\"7c7f163\" data-element_type=\"container\">\n\t\t\t\t\t<div class=\"e-con-inner\">\n\t\t<div class=\"elementor-element elementor-element-2b4c1eb e-con-full e-flex e-con e-child\" data-id=\"2b4c1eb\" data-element_type=\"container\">\n\t\t\t\t<div class=\"elementor-element elementor-element-6d9e23c elementor-widget elementor-widget-text-editor\" data-id=\"6d9e23c\" data-element_type=\"widget\" data-widget_type=\"text-editor.default\">\n\t\t\t\t<div class=\"elementor-widget-container\">\n\t\t\t\t\t\t\t<div id=\"comp-lby4298f1\" class=\"comp-lby4298f1 YzqVVZ wixui-column-strip__column\">\n<div class=\"\" data-mesh-id=\"comp-lby4298f1inlineContent\" data-testid=\"inline-content\">\n<div data-mesh-id=\"comp-lby4298f1inlineContent-gridContainer\" data-testid=\"mesh-container-content\">\n<div id=\"comp-lby4298m2\" class=\"HcOXKn c9GqVL QxJLC3 comp-lby4298m2 wixui-rich-text\" data-testid=\"richTextElement\">\n<p class=\"font_7 wixui-rich-text__text\"><span class=\"wixui-rich-text__text\">L&#8217;objectif est \u00e9galement d&#8217;apprendre \u00e0 me conna\u00eetre afin de savoir si je peux vous correspondre et r\u00e9ciproquement. Ce portefolio a \u00e9t\u00e9 con\u00e7u dans le but d&#8217;acqu\u00e9rir de nouvelles exp\u00e9riences professionnelles \u00e0 travers des stages et des emplois. C&#8217;est pourquoi il sera mise \u00e0 jour r\u00e9guli\u00e8rement. Dans ce but, j&#8217;y figurerai des travaux pour illustrer des comp\u00e9tences. <\/span><\/p>\n<p class=\"font_7 wixui-rich-text__text\"><span class=\"wixui-rich-text__text\">L&#8217;objectif est de se d\u00e9marquer par mes activit\u00e9s, mes qualit\u00e9s et mes exp\u00e9riences acquises.<\/span><\/p>\n<\/div>\n<\/div>\n<\/div>\n<\/div>\t\t\t\t\t\t<\/div>\n\t\t\t\t<\/div>\n\t\t\t\t<\/div>\n\t\t\t\t<div class=\"elementor-element elementor-element-c0e718b elementor-widget elementor-widget-spacer\" data-id=\"c0e718b\" data-element_type=\"widget\" data-widget_type=\"spacer.default\">\n\t\t\t\t<div class=\"elementor-widget-container\">\n\t\t\t\t\t<div class=\"elementor-spacer\">\n\t\t\t<div class=\"elementor-spacer-inner\"><\/div>\n\t\t<\/div>\n\t\t\t\t<\/div>\n\t\t\t\t<\/div>\n\t\t<div class=\"elementor-element elementor-element-d0d19bd e-con-full e-flex e-con e-child\" data-id=\"d0d19bd\" data-element_type=\"container\">\n\t\t\t\t<div class=\"elementor-element elementor-element-a678d21 elementor-widget elementor-widget-heading\" data-id=\"a678d21\" data-element_type=\"widget\" data-widget_type=\"heading.default\">\n\t\t\t\t<div class=\"elementor-widget-container\">\n\t\t\t<h2 class=\"elementor-heading-title elementor-size-default\">POURQUOI CE PORTFOLIO ?<\/h2>\t\t<\/div>\n\t\t\t\t<\/div>\n\t\t\t\t<\/div>\n\t\t\t\t\t<\/div>\n\t\t\t\t<\/div>\n\t\t<div class=\"elementor-element elementor-element-6bc5ba5 e-flex e-con-boxed e-con e-parent\" data-id=\"6bc5ba5\" data-element_type=\"container\">\n\t\t\t\t\t<div class=\"e-con-inner\">\n\t\t\t\t<div class=\"elementor-element elementor-element-e7cc872 elementor-widget elementor-widget-spacer\" data-id=\"e7cc872\" data-element_type=\"widget\" data-widget_type=\"spacer.default\">\n\t\t\t\t<div class=\"elementor-widget-container\">\n\t\t\t\t\t<div class=\"elementor-spacer\">\n\t\t\t<div class=\"elementor-spacer-inner\"><\/div>\n\t\t<\/div>\n\t\t\t\t<\/div>\n\t\t\t\t<\/div>\n\t\t\t\t\t<\/div>\n\t\t\t\t<\/div>\n\t\t<div class=\"elementor-element elementor-element-4f3f577 e-flex e-con-boxed e-con e-parent\" data-id=\"4f3f577\" data-element_type=\"container\">\n\t\t\t\t\t<div class=\"e-con-inner\">\n\t\t\t\t<div class=\"elementor-element elementor-element-225cdd8 elementor-widget elementor-widget-text-editor\" data-id=\"225cdd8\" data-element_type=\"widget\" data-widget_type=\"text-editor.default\">\n\t\t\t\t<div class=\"elementor-widget-container\">\n\t\t\t\t\t\t\t<p>Je vous remercie de prendre le temps de consulter ce portefolio.<\/p>\t\t\t\t\t\t<\/div>\n\t\t\t\t<\/div>\n\t\t\t\t<div class=\"elementor-element elementor-element-fbe050d elementor-widget elementor-widget-image\" data-id=\"fbe050d\" data-element_type=\"widget\" data-widget_type=\"image.default\">\n\t\t\t\t<div class=\"elementor-widget-container\">\n\t\t\t<style>\/*! elementor - v3.22.0 - 26-06-2024 *\/\n.elementor-widget-image{text-align:center}.elementor-widget-image a{display:inline-block}.elementor-widget-image a img[src$=\".svg\"]{width:48px}.elementor-widget-image img{vertical-align:middle;display:inline-block}<\/style>\t\t\t\t\t\t\t\t\t\t<img fetchpriority=\"high\" decoding=\"async\" width=\"768\" height=\"757\" src=\"https:\/\/maeva-vergnieres.com\/wp-content\/uploads\/2024\/07\/IMG_20221015_165030-768x757.jpg\" class=\"attachment-medium_large size-medium_large wp-image-43\" alt=\"\" srcset=\"https:\/\/maeva-vergnieres.com\/wp-content\/uploads\/2024\/07\/IMG_20221015_165030-768x757.jpg 768w, https:\/\/maeva-vergnieres.com\/wp-content\/uploads\/2024\/07\/IMG_20221015_165030-300x296.jpg 300w, https:\/\/maeva-vergnieres.com\/wp-content\/uploads\/2024\/07\/IMG_20221015_165030-1024x1009.jpg 1024w, https:\/\/maeva-vergnieres.com\/wp-content\/uploads\/2024\/07\/IMG_20221015_165030-1536x1513.jpg 1536w, https:\/\/maeva-vergnieres.com\/wp-content\/uploads\/2024\/07\/IMG_20221015_165030-2048x2017.jpg 2048w\" sizes=\"(max-width: 768px) 100vw, 768px\" \/>\t\t\t\t\t\t\t\t\t\t\t\t\t<\/div>\n\t\t\t\t<\/div>\n\t\t\t\t\t<\/div>\n\t\t\t\t<\/div>\n\t\t\t\t<\/div>\n\t\t","protected":false},"excerpt":{"rendered":"<p>BONJOUR Je m&#8217;appelle Ma\u00ebva Vergnieres o\u00f9 vous vous trouvez ? Ce site internet est un portfolio de d\u00e9veloppement professionnel. Il a pour but de pr\u00e9senter mon \u00e9volution \u00e0 travers des travaux fait durant mes formations mais \u00e9galement durant mes ann\u00e9es pr\u00e9c\u00e9dentes. J&#8217;y figure \u00e9galement les comp\u00e9tences acquises durant ces p\u00e9riodes. L&#8217;objectif est \u00e9galement d&#8217;apprendre \u00e0 [&hellip;]<\/p>\n","protected":false},"author":1,"featured_media":0,"parent":0,"menu_order":0,"comment_status":"closed","ping_status":"open","template":"","meta":{"footnotes":""},"class_list":["post-2","page","type-page","status-publish","hentry","entry"],"_links":{"self":[{"href":"https:\/\/maeva-vergnieres.com\/index.php\/wp-json\/wp\/v2\/pages\/2","targetHints":{"allow":["GET"]}}],"collection":[{"href":"https:\/\/maeva-vergnieres.com\/index.php\/wp-json\/wp\/v2\/pages"}],"about":[{"href":"https:\/\/maeva-vergnieres.com\/index.php\/wp-json\/wp\/v2\/types\/page"}],"author":[{"embeddable":true,"href":"https:\/\/maeva-vergnieres.com\/index.php\/wp-json\/wp\/v2\/users\/1"}],"replies":[{"embeddable":true,"href":"https:\/\/maeva-vergnieres.com\/index.php\/wp-json\/wp\/v2\/comments?post=2"}],"version-history":[{"count":12,"href":"https:\/\/maeva-vergnieres.com\/index.php\/wp-json\/wp\/v2\/pages\/2\/revisions"}],"predecessor-version":[{"id":52,"href":"https:\/\/maeva-vergnieres.com\/index.php\/wp-json\/wp\/v2\/pages\/2\/revisions\/52"}],"wp:attachment":[{"href":"https:\/\/maeva-vergnieres.com\/index.php\/wp-json\/wp\/v2\/media?parent=2"}],"curies":[{"name":"wp","href":"https:\/\/api.w.org\/{rel}","templated":true}]}}